 a factor of 204759167?
False
Is 15 a factor of 22651472?
False
Is 2014 a factor of 443434932?
False
Is 93 a factor of 1469555413?
False
Does 1123 divide 3049976?
False
Is 88445684 a multiple of 38?
True
Is 487700248 a multiple of 41?
True
Does 24 divide 58030101?
False
Does 1200 divide 12314400?
True
Is 23662606 a multiple of 3322?
True
Is 756221342 a multiple of 3799?
True
Does 28 divide 75885821?
False
Does 58 divide 21738801?
False
Is 17489803 a multiple of 17?
False
Does 23 divide 166458613?
True
Is 10 a factor of 344852770?
True
Does 363 divide 108942108?
True
Does 44 divide 20726904?
True
Is 703518047 a multiple of 111?
False
Is 12398260 a multiple of 1106?
True
Does 3 divide 6951595?
False
Is 2618835362 a multiple of 286?
True
Is 28557600 a multiple of 305?
False
Is 1999470519 a multiple of 79?
False
Is 1779899366 a multiple of 14?
True
Is 6288198 a multiple of 357?
True
Is 1352053860 a multiple of 15?
True
Is 73512699 a multiple of 2029?
True
Is 903053164 a multiple of 1313?
False
Is 130752531 a multiple of 13?
True
Does 199 divide 801261759?
True
Does 432 divide 188269030?
False
Is 139 a factor of 401151188?
False
Is 24 a factor of 249888960?
True
Is 64216586 a multiple of 1442?
True
Is 63 a factor of 202512454?
False
Does 276 divide 78935004?
False
Does 27 divide 12310663?
False
Is 127242252 a multiple of 324?
True
Is 265 a factor of 13102842?
False
Is 265669537 a multiple of 7?
True
Does 12 divide 83393361?
False
Is 604083623 a multiple of 75?
False
Is 66 a factor of 231508794?
True
Does 12 divide 1124590442?
False
Is 879 a factor of 98400534?
True
Is 62 a factor of 115873564?
False
Does 1438 divide 162156997?
False
Does 113 divide 18630423?
True
Is 898668 a multiple of 477?
True
Is 7414463 a multiple of 3?
False
Is 64 a factor of 13327808?
True
Does 8 divide 6063243?
False
Does 12 divide 20118096?
True
Does 885 divide 1197942183?
False
Is 260850070 a multiple of 754?
True
Does 95 divide 608374395?
True
Does 62 divide 2364494?
True
Is 11 a factor of 963982272?
True
Does 457 divide 120352321?
True
Is 98578 a multiple of 1177?
False
Does 1531 divide 32040768?
True
Is 64 a factor of 157364096?
True
Does 4472 divide 682342232?
True
Is 33847115 a multiple of 91?
False
Is 2589 a factor of 344057388?
True
Is 70097244 a multiple of 388?
True
Is 810087468 a multiple of 102?
True
Is 2130292990 a multiple of 159?
False
Is 2991436871 a multiple of 62?
False
Is 567319961 a multiple of 384?
False
Is 2381 a factor of 1021753768?
True
Is 371088430 a multiple of 468?
False
Is 122111439 a multiple of 36?
False
Is 1544678835 a multiple of 64?
False
Does 1158 divide 21033912?
True
Is 136 a factor of 159205484?
False
Is 185 a factor of 1682640490?
True
Is 1709632 a multiple of 94?
False
Does 16 divide 12477922?
False
Is 16 a factor of 29625305?
False
Is 124544050 a multiple of 50?
True
Is 40303373 a multiple of 947?
True
Is 20 a factor of 191116087?
False
Is 26668988 a multiple of 18?
False
Does 2755 divide 949286002?
False
Is 1085 a factor of 615428275?
True
Is 2125218340 a multiple of 21?
False
Is 15939552 a multiple of 368?
True
Is 612303216 a multiple of 29?
True
Does 8 divide 2527768?
True
Is 768427738 a multiple of 715?
False
Is 121 a factor of 45000422?
False
Is 51751485 a multiple of 1109?
True
Is 3868544378 a multiple of 71?
False
Is 5260530 a multiple of 57?
True
Does 48 divide 121656528?
True
Does 70 divide 52163930?
True
Is 12 a factor of 60858579?
False
Is 450100704 a multiple of 102?
True
Is 75122499 a multiple of 1761?
True
Does 410 divide 680598770?
True
Does 143 divide 2280250?
False
Does 1298 divide 358507856?
False
Is 3463139 a multiple of 10?
False
Does 4 divide 13014648?
True
Is 139 a factor of 2060121?
False
Does 86 divide 92831119?
False
Does 97 divide 22442599?
True
Does 238 divide 370234466?
True
Is 8 a factor of 24533688?
True
Is 506 a factor of 1078835487?
False
Does 22 divide 10126624?
False
Is 773 a factor of 1171856405?
True
Does 92 divide 13871576?
True
Is 33 a factor of 619432077?
True
Does 401 divide 2316772688?
True
Is 645959414 a multiple of 2167?
False
Is 13 a factor of 117544128?
True
Is 29724827 a multiple of 6?
False
Is 233178056 a multiple of 1281?
False
Is 692502082 a multiple of 235?
False
Is 14958267 a multiple of 21?
False
Is 2059276823 a multiple of 13?
False
Is 72043384 a multiple of 4?
True
Is 2631 a factor of 17088388?
False
Is 5 a factor of 1485265?
True
Is 366 a factor of 12767910?
True
Does 30 divide 98248470?
True
Does 11 divide 144994237?
False
Is 2239 a factor of 277309106?
True
Is 11 a factor of 67524578?
True
Is 185570502 a multiple of 813?
True
Is 43 a factor of 267420698?
True
Does 10 divide 117674631?
False
Does 3991 divide 4716817?
False
Is 216426269 a multiple of 9?
False
Is 110 a factor of 168770140?
True
Is 162314208 a multiple of 252?
True
Is 51 a factor of 662475432?
False
Is 2 a factor of 103953?
False
Does 2205 divide 348296015?
False
Is 23503974 a multiple of 13?
True
Is 40695517 a multiple of 11?
False
Does 173 divide 184063705?
False
Is 74691098 a multiple of 27?
False
Does 921 divide 29329418?
False
Is 9921531 a multiple of 79?
True
Is 190244994 a multiple of 11?
False
Is 30 a factor of 469910315?
False
Is 322190547 a multiple of 322?
False
Does 3 divide 64247067?
True
Does 256 divide 266829568?
True
Is 21599488 a multiple of 139?
True
Is 334 a factor of 273227542?
False
Is 2798 a factor of 1584812382?
True
Is 135 a factor of 289218136?
False
Does 63 divide 1848573972?
True
Is 16 a factor of 36712965?
False
Is 196927685 a multiple of 191?
True
Does 611 divide 600949881?
False
Is 323 a factor of 65600977?
True
Is 2197 a factor of 973800477?
True
Is 246344445 a multiple of 465?
True
Is 25 a factor of 807829509?
False
Is 64 a factor of 112328353?
False
Is 22919234 a multiple of 13?
True
Does 31 divide 341314061?
True
Is 17 a factor of 9840348?
True
Is 269 a factor of 19819737?
False
Is 195 a factor of 1173158610?
True
Does 3 divide 7593787?
False
Is 4 a factor of 6346276?
True
Does 19 divide 1406413288?
True
Is 8 a factor of 654096181?
False
Is 598718509 a multiple of 10?
False
Is 52384425 a multiple of 2292?
False
Is 45993888 a multiple of 112?
False
Does 841 divide 71715434?
True
Is 10762308 a multiple of 322?
False
Does 3723 divide 88112241?
True
Is 26 a factor of 74140052?
False
Does 37 divide 75288081?
True
Is 5429 a factor of 1008228233?
False
Does 1755 divide 26975675?
False
Does 745 divide 54166214?
False
Is 982162680 a multiple of 8?
True
Does 4318 divide 751556525?
False
Is 36646312 a multiple of 51?
False
Is 39 a factor of 427576990?
False
Is 1302318746 a multiple of 106?
False
Is 188462820 a multiple of 260?
True
Does 1896 divide 56434440?
True
Is 61 a factor of 830133628?
True
Is 8 a factor of 503791940?
False
Does 12 divide 115902075?
False
Is 83608879 a multiple of 267?
False
Is 46 a factor of 3022286?
False
Is 6506 a factor of 699586327?
False
Is 290964537 a multiple of 57?
True
Does 2 divide 16167967?
False
Is 533 a factor of 62251397?
False
Is 1196 a factor of 442133905?
False
Is 1094 a factor of 30372722?
True
Does 1759 divide 52291527?
False
Is 929 a factor of 36295959?
False
Is 60 a factor of 5031890?
False
Does 2998 divide 99144202?
False
Is 658451843 a multiple of 55?
False
Does 820 divide 236455352?
False
Does 11 divide 12094371?
False
Is 313718191 a multiple of 624?
False
Is 4 a factor of 2660411312?
True
Is 1574 a factor of 1355437505?
False
Does 31 divide 2261199268?
False
Is 548066 a multiple of 8?
False
Is 14701918 a multiple of 23?
False
Is 29 a factor of 11264661?
False
Is 1148520820 a multiple of 5710?
True
Is 44 a factor of 4861872?
False
Is 10807035 a multiple of 5?
True
Is 33 a factor of 72142323?
True
Is 3452649 a multiple of 3?
True
Does 30 divide 336304633?
False
Is 2120624322 a multiple of 88?
False
Is 216712665 a multiple of 27?
True
Does 71 divide 1641947730?
False
Does 11 divide 4609990?
True
Does 19 divide 729818010?
False
Is 17 a factor of 40371950?
False
Is 747446040 a multiple of 360?
True
Does 1193 divide 127717808?
True
Is 901845716 a multiple of 122?
True
Is 807 a factor of 678015634?
False
Is 262 a factor of 2082463?
False
Is 154501200 a multiple of 7?
True
Is 1290 a factor of 167175969?
False
Is 35 a factor of 7581758988?
False
Is